{"id":10391,"date":"2024-03-14T18:48:43","date_gmt":"2024-03-14T17:48:43","guid":{"rendered":"https:\/\/pulsarenergies.fr\/?page_id=10391"},"modified":"2024-04-08T02:00:31","modified_gmt":"2024-04-08T00:00:31","slug":"copropriete","status":"publish","type":"page","link":"https:\/\/pulsarenergies.fr\/index.php\/copropriete\/","title":{"rendered":"copropriete"},"content":{"rendered":"<style>\/*! elementor - v3.20.0 - 26-03-2024 *\/\n.elementor-column .elementor-spacer-inner{height:var(--spacer-size)}.e-con{--container-widget-width:100%}.e-con-inner>.elementor-widget-spacer,.e-con>.elementor-widget-spacer{width:var(--container-widget-width,var(--spacer-size));--align-self:var(--container-widget-align-self,initial);--flex-shrink:0}.e-con-inner>.elementor-widget-spacer>.elementor-widget-container,.e-con>.elementor-widget-spacer>.elementor-widget-container{height:100%;width:100%}.e-con-inner>.elementor-widget-spacer>.elementor-widget-container>.elementor-spacer,.e-con>.elementor-widget-spacer>.elementor-widget-container>.elementor-spacer{height:100%}.e-con-inner>.elementor-widget-spacer>.elementor-widget-container>.elementor-spacer>.elementor-spacer-inner,.e-con>.elementor-widget-spacer>.elementor-widget-container>.elementor-spacer>.elementor-spacer-inner{height:var(--container-widget-height,var(--spacer-size))}.e-con-inner>.elementor-widget-spacer.elementor-widget-empty,.e-con>.elementor-widget-spacer.elementor-widget-empty{position:relative;min-height:22px;min-width:22px}.e-con-inner>.elementor-widget-spacer.elementor-widget-empty .elementor-widget-empty-icon,.e-con>.elementor-widget-spacer.elementor-widget-empty .elementor-widget-empty-icon{position:absolute;top:0;bottom:0;left:0;right:0;margin:auto;padding:0;width:22px;height:22px}<\/style>\n<style>\/*! elementor - v3.20.0 - 26-03-2024 *\/\n.elementor-heading-title{padding:0;margin:0;line-height:1}.elementor-widget-heading .elementor-heading-title[class*=elementor-size-]>a{color:inherit;font-size:inherit;line-height:inherit}.elementor-widget-heading .elementor-heading-title.elementor-size-small{font-size:15px}.elementor-widget-heading .elementor-heading-title.elementor-size-medium{font-size:19px}.elementor-widget-heading .elementor-heading-title.elementor-size-large{font-size:29px}.elementor-widget-heading .elementor-heading-title.elementor-size-xl{font-size:39px}.elementor-widget-heading .elementor-heading-title.elementor-size-xxl{font-size:59px}<\/style>\n<h2>Bornes de recharge en copropri\u00e9t\u00e9<\/h2>\n<p>Vous \u00eates une copropri\u00e9t\u00e9 et souhaitez installer une borne de recharge pour vos propri\u00e9taires ou locataires ?<br \/>Dites stop aux abonnements qui vous emp\u00eachent de profiter pleinement de votre v\u00e9hicule \u00e9lectrique ou hybride rechargeable, et de votre borne de recharge. Soyez propri\u00e9taire de votre solution de recharge install\u00e9 sur votre place de stationnement. D\u00e9couvrez nos offres 100% propri\u00e9taires.<\/p>\n<h6>Le mode d\u2019emploi de la recharge en copropri\u00e9t\u00e9<\/h6>\n<p>Il existe deux proc\u00e9d\u00e9s pour la mise ne place de bornes de recharge pour v\u00e9hicules \u00e9lectriques et hybrides rechargeables en copropri\u00e9t\u00e9.<\/p>\n<style>\/*! elementor - v3.20.0 - 26-03-2024 *\/\n.elementor-widget-image{text-align:center}.elementor-widget-image a{display:inline-block}.elementor-widget-image a img[src$=\".svg\"]{width:48px}.elementor-widget-image img{vertical-align:middle;display:inline-block}<\/style>\n<p>\t\t\t\t\t\t\t\t\t\t<img loading=\"lazy\" decoding=\"async\" width=\"360\" height=\"240\" src=\"https:\/\/pulsarenergies.fr\/wp-content\/uploads\/2024\/03\/pngtree-electric-vehicles-on-a-charging-line-image_12955874-360x240.jpg\" alt=\"\" srcset=\"https:\/\/pulsarenergies.fr\/wp-content\/uploads\/2024\/03\/pngtree-electric-vehicles-on-a-charging-line-image_12955874-360x240.jpg 360w, https:\/\/pulsarenergies.fr\/wp-content\/uploads\/2024\/03\/pngtree-electric-vehicles-on-a-charging-line-image_12955874-300x200.jpg 300w, https:\/\/pulsarenergies.fr\/wp-content\/uploads\/2024\/03\/pngtree-electric-vehicles-on-a-charging-line-image_12955874-768x512.jpg 768w, https:\/\/pulsarenergies.fr\/wp-content\/uploads\/2024\/03\/pngtree-electric-vehicles-on-a-charging-line-image_12955874.jpg 960w\" sizes=\"auto, (max-width: 360px) 100vw, 360px\" \/>\t\t\t\t\t\t\t\t\t\t\t\t\t<\/p>\n<h5>Pr\u00e9-\u00e9quipement collectif<\/h5>\n<p>Solution collective par l\u2019installation d\u2019un pr\u00e9-\u00e9quipement<\/p>\n<p>\t\t\t\t\t\t\t\t\t\t\t\t\t<img loading=\"lazy\" decoding=\"async\" width=\"360\" height=\"240\" src=\"https:\/\/pulsarenergies.fr\/wp-content\/uploads\/2024\/03\/50981261653_be67aefc08_b-360x240.jpg\" alt=\"\" srcset=\"https:\/\/pulsarenergies.fr\/wp-content\/uploads\/2024\/03\/50981261653_be67aefc08_b-360x240.jpg 360w, https:\/\/pulsarenergies.fr\/wp-content\/uploads\/2024\/03\/50981261653_be67aefc08_b-300x200.jpg 300w, https:\/\/pulsarenergies.fr\/wp-content\/uploads\/2024\/03\/50981261653_be67aefc08_b-768x511.jpg 768w, https:\/\/pulsarenergies.fr\/wp-content\/uploads\/2024\/03\/50981261653_be67aefc08_b.jpg 1023w\" sizes=\"auto, (max-width: 360px) 100vw, 360px\" \/>\t\t\t\t\t\t\t\t\t\t\t\t\t<\/p>\n<h5>Droit \u00e0 la prise<\/h5>\n<p>Solution individuelle par le droit \u00e0 la prise<\/p>\n","protected":false},"excerpt":{"rendered":"<p>Bornes de recharge en copropri\u00e9t\u00e9 Vous \u00eates une copropri\u00e9t\u00e9 et souhaitez installer une borne de recharge pour vos propri\u00e9taires ou locataires ?Dites stop aux abonnements qui vous emp\u00eachent de profiter pleinement de votre v\u00e9hicule \u00e9lectrique ou hybride rechargeable, et de votre borne de recharge. Soyez propri\u00e9taire de votre solution de [&hellip;]<\/p>\n","protected":false},"author":1,"featured_media":0,"parent":0,"menu_order":0,"comment_status":"closed","ping_status":"closed","template":"page-templates\/template-pagebuilder-full-width.php","meta":{"footnotes":""},"class_list":["post-10391","page","type-page","status-publish","hentry"],"_links":{"self":[{"href":"https:\/\/pulsarenergies.fr\/index.php\/wp-json\/wp\/v2\/pages\/10391","targetHints":{"allow":["GET"]}}],"collection":[{"href":"https:\/\/pulsarenergies.fr\/index.php\/wp-json\/wp\/v2\/pages"}],"about":[{"href":"https:\/\/pulsarenergies.fr\/index.php\/wp-json\/wp\/v2\/types\/page"}],"author":[{"embeddable":true,"href":"https:\/\/pulsarenergies.fr\/index.php\/wp-json\/wp\/v2\/users\/1"}],"replies":[{"embeddable":true,"href":"https:\/\/pulsarenergies.fr\/index.php\/wp-json\/wp\/v2\/comments?post=10391"}],"version-history":[{"count":34,"href":"https:\/\/pulsarenergies.fr\/index.php\/wp-json\/wp\/v2\/pages\/10391\/revisions"}],"predecessor-version":[{"id":10630,"href":"https:\/\/pulsarenergies.fr\/index.php\/wp-json\/wp\/v2\/pages\/10391\/revisions\/10630"}],"wp:attachment":[{"href":"https:\/\/pulsarenergies.fr\/index.php\/wp-json\/wp\/v2\/media?parent=10391"}],"curies":[{"name":"wp","href":"https:\/\/api.w.org\/{rel}","templated":true}]}}