{"id":10406,"date":"2024-03-14T19:02:33","date_gmt":"2024-03-14T18:02:33","guid":{"rendered":"https:\/\/pulsarenergies.fr\/?page_id=10406"},"modified":"2024-04-08T02:02:48","modified_gmt":"2024-04-08T00:02:48","slug":"domicile","status":"publish","type":"page","link":"https:\/\/pulsarenergies.fr\/index.php\/domicile\/","title":{"rendered":"Domicile"},"content":{"rendered":"<style>\/*! elementor - v3.20.0 - 26-03-2024 *\/\n.elementor-column .elementor-spacer-inner{height:var(--spacer-size)}.e-con{--container-widget-width:100%}.e-con-inner>.elementor-widget-spacer,.e-con>.elementor-widget-spacer{width:var(--container-widget-width,var(--spacer-size));--align-self:var(--container-widget-align-self,initial);--flex-shrink:0}.e-con-inner>.elementor-widget-spacer>.elementor-widget-container,.e-con>.elementor-widget-spacer>.elementor-widget-container{height:100%;width:100%}.e-con-inner>.elementor-widget-spacer>.elementor-widget-container>.elementor-spacer,.e-con>.elementor-widget-spacer>.elementor-widget-container>.elementor-spacer{height:100%}.e-con-inner>.elementor-widget-spacer>.elementor-widget-container>.elementor-spacer>.elementor-spacer-inner,.e-con>.elementor-widget-spacer>.elementor-widget-container>.elementor-spacer>.elementor-spacer-inner{height:var(--container-widget-height,var(--spacer-size))}.e-con-inner>.elementor-widget-spacer.elementor-widget-empty,.e-con>.elementor-widget-spacer.elementor-widget-empty{position:relative;min-height:22px;min-width:22px}.e-con-inner>.elementor-widget-spacer.elementor-widget-empty .elementor-widget-empty-icon,.e-con>.elementor-widget-spacer.elementor-widget-empty .elementor-widget-empty-icon{position:absolute;top:0;bottom:0;left:0;right:0;margin:auto;padding:0;width:22px;height:22px}<\/style>\n<style>\/*! elementor - v3.20.0 - 26-03-2024 *\/\n.elementor-heading-title{padding:0;margin:0;line-height:1}.elementor-widget-heading .elementor-heading-title[class*=elementor-size-]>a{color:inherit;font-size:inherit;line-height:inherit}.elementor-widget-heading .elementor-heading-title.elementor-size-small{font-size:15px}.elementor-widget-heading .elementor-heading-title.elementor-size-medium{font-size:19px}.elementor-widget-heading .elementor-heading-title.elementor-size-large{font-size:29px}.elementor-widget-heading .elementor-heading-title.elementor-size-xl{font-size:39px}.elementor-widget-heading .elementor-heading-title.elementor-size-xxl{font-size:59px}<\/style>\n<h4>Vous \u00eates un particulier et souhaitez installer une borne de  recharge \u00e0 domicile ?<\/h4>\n<p>La fin de la commercialisation des v\u00e9hicules thermique a \u00e9t\u00e9 vot\u00e9e pour 2035.<br \/>Les v\u00e9hicules \u00e9lectriques sont donc un enjeu d\u2019avenir.<br \/>L\u2019installation d\u2019une borne \u00e0 domicile est un r\u00e9el confort \u00e0 moindres co\u00fbts.<br \/>Personnalisation de l\u2019emplacement de votre borne Ext\u00e9rieur\/int\u00e9rieur.<br \/>Nos techniciens certifi\u00e9s IRVE \u00e0 votre \u00e9coute !<br \/>\u00c9conomie au quotidien et sur le long terme Des aides gouvernementales pour l\u2019installation votre station de recharge Aucune d\u00e9marche administrative pour la modification ou cr\u00e9ation du branchement PulsarEnergies s\u2019occupe de tout Un accompagnement r\u00e9alis\u00e9 par une entreprise situ\u00e9e dans les Hauts-de-France 100% fran\u00e7aise<\/p>\n","protected":false},"excerpt":{"rendered":"<p>Vous \u00eates un particulier et souhaitez installer une borne de recharge \u00e0 domicile ? La fin de la commercialisation des v\u00e9hicules thermique a \u00e9t\u00e9 vot\u00e9e pour 2035.Les v\u00e9hicules \u00e9lectriques sont donc un enjeu d\u2019avenir.L\u2019installation d\u2019une borne \u00e0 domicile est un r\u00e9el confort \u00e0 moindres co\u00fbts.Personnalisation de l\u2019emplacement de votre borne [&hellip;]<\/p>\n","protected":false},"author":1,"featured_media":0,"parent":0,"menu_order":0,"comment_status":"closed","ping_status":"closed","template":"page-templates\/template-pagebuilder-full-width.php","meta":{"footnotes":""},"class_list":["post-10406","page","type-page","status-publish","hentry"],"_links":{"self":[{"href":"https:\/\/pulsarenergies.fr\/index.php\/wp-json\/wp\/v2\/pages\/10406","targetHints":{"allow":["GET"]}}],"collection":[{"href":"https:\/\/pulsarenergies.fr\/index.php\/wp-json\/wp\/v2\/pages"}],"about":[{"href":"https:\/\/pulsarenergies.fr\/index.php\/wp-json\/wp\/v2\/types\/page"}],"author":[{"embeddable":true,"href":"https:\/\/pulsarenergies.fr\/index.php\/wp-json\/wp\/v2\/users\/1"}],"replies":[{"embeddable":true,"href":"https:\/\/pulsarenergies.fr\/index.php\/wp-json\/wp\/v2\/comments?post=10406"}],"version-history":[{"count":28,"href":"https:\/\/pulsarenergies.fr\/index.php\/wp-json\/wp\/v2\/pages\/10406\/revisions"}],"predecessor-version":[{"id":10639,"href":"https:\/\/pulsarenergies.fr\/index.php\/wp-json\/wp\/v2\/pages\/10406\/revisions\/10639"}],"wp:attachment":[{"href":"https:\/\/pulsarenergies.fr\/index.php\/wp-json\/wp\/v2\/media?parent=10406"}],"curies":[{"name":"wp","href":"https:\/\/api.w.org\/{rel}","templated":true}]}}